s divided by 1550?
199
What is the remainder when 159272 is divided by 151?
118
Calculate the remainder when 1170466 is divided by 61.
59
Calculate the remainder when 52517 is divided by 86.
57
What is the remainder when 1054 is divided by 143?
53
What is the remainder when 44378 is divided by 119?
110
Calculate the remainder when 968 is divided by 191.
13
Calculate the remainder when 10870 is divided by 76.
2
What is the remainder when 4448 is divided by 999?
452
What is the remainder when 15908 is divided by 185?
183
Calculate the remainder when 10335 is divided by 1269.
183
What is the remainder when 20374 is divided by 66?
46
Calculate the remainder when 7039 is divided by 353.
332
What is the remainder when 557257 is divided by 298?
295
What is the remainder when 67804 is divided by 918?
790
Calculate the remainder when 36280 is divided by 9070.
0
Calculate the remainder when 1050 is divided by 58.
6
Calculate the remainder when 21038 is divided by 1162.
122
What is the remainder when 783856 is divided by 97?
96
What is the remainder when 399138 is divided by 20?
18
Calculate the remainder when 22020 is divided by 446.
166
Calculate the remainder when 13175 is divided by 52.
19
Calculate the remainder when 4343 is divided by 71.
12
Calculate the remainder when 10299 is divided by 310.
69
What is the remainder when 2094 is divided by 544?
462
What is the remainder when 14007 is divided by 13953?
54
Calculate the remainder when 3496 is divided by 40.
16
Calculate the remainder when 21031 is divided by 2433.
1567
Calculate the remainder when 327018 is divided by 163497.
24
What is the remainder when 3331 is divided by 3329?
2
What is the remainder when 1649774 is divided by 75?
74
What is the remainder when 81799 is divided by 192?
7
Calculate the remainder when 15189 is divided by 112.
69
Calculate the remainder when 331308 is divided by 617.
596
What is the remainder when 3287 is divided by 286?
141
Calculate the remainder when 10348 is divided by 71.
53
What is the remainder when 11859 is divided by 11847?
12
Calculate the remainder when 13754 is divided by 33.
26
What is the remainder when 4027 is divided by 1925?
177
Calculate the remainder when 15870 is divided by 125.
120
Calculate the remainder when 1293 is divided by 710.
583
Calculate the remainder when 4428 is divided by 2092.
244
Calculate the remainder when 29617 is divided by 97.
32
What is the remainder when 49127 is divided by 3778?
13
Calculate the remainder when 17655 is divided by 5811.
222
What is the remainder when 329820 is divided by 88?
84
What is the remainder when 15259 is divided by 15255?
4
Calculate the remainder when 14034 is divided by 610.
4
What is the remainder when 42401 is divided by 42?
23
Calculate the remainder when 3264 is divided by 43.
39
What is the remainder when 82165 is divided by 14?
13
Calculate the remainder when 14903 is divided by 46.
45
Calculate the remainder when 1825998 is divided by 400.
398
Calculate the remainder when 95235 is divided by 471.
93
Calculate the remainder when 83141 is divided by 7558.
3
What is the remainder when 1648 is divided by 462?
262
What is the remainder when 66767 is divided by 119?
8
Calculate the remainder when 25727 is divided by 402.
401
What is the remainder when 424 is divided by 393?
31
What is the remainder when 10293 is divided by 272?
229
What is the remainder when 14058 is divided by 2342?
6
Calculate the remainder when 31787 is divided by 55.
52
Calculate the remainder when 230 is divided by 29.
27
What is the remainder when 70214 is divided by 235?
184
What is the remainder when 49434 is divided by 137?
114
What is the remainder when 6135 is divided by 6?
3
Calculate the remainder when 56756 is divided by 11.
7
What is the remainder when 37731 is divided by 726?
705
What is the remainder when 38009 is divided by 229?
224
Calculate the remainder when 23582 is divided by 347.
333
Calculate the remainder when 11976 is divided by 10.
6
Calculate the remainder when 2483 is divided by 312.
299
What is the remainder when 13315 is divided by 3318?
43
Calculate the remainder when 1553 is divided by 1536.
17
What is the remainder when 114859 is divided by 32?
11
Calculate the remainder when 1675 is divided by 21.
16
Calculate the remainder when 18343 is divided by 248.
239
Calculate the remainder when 266482 is divided by 1066.
1048
Calculate the remainder when 4621 is divided by 23.
21
What is the remainder when 865 is divided by 13?
7
Calculate the remainder when 29083 is divided by 904.
155
What is the remainder when 18526 is divided by 87?
82
What is the remainder when 1818 is divided by 77?
47
What is the remainder when 4304 is divided by 32?
16
Calculate the remainder when 12776 is divided by 1813.
85
Calculate the remainder when 17629 is divided by 4394.
53
What is the remainder when 279 is divided by 47?
44
Calculate the remainder when 718396 is divided by 400.
396
What is the remainder when 30699 is divided by 224?
11
What is the remainder when 11082 is divided by 583?
5
Calculate the remainder when 572 is divided by 112.
12
Calculate the remainder when 306124 is divided by 395.
394
Calculate the remainder when 119075 is divided by 4409.
32
Calculate the remainder when 427853 is divided by 334.
333
Calculate the remainder when 2811 is divided by 309.
30
Calculate the remainder when 15363 is divided by 3830.
43
Calculate the remainder when 1611 is divided by 183.
147
What is the remainder when 3841 is divided by 34?
33
What is the remainder when 1289 is divided by 1274?
15
Calculate the remainder when 21660 is divided by 7191.
87
Calculate the remainder when 87482 is divided by 36.
2
Calculate the remainder when 69279 is divided by 619.
570
Calculate the remainder when 6444 is divided by 98.
74
Calculate the remainder when 448821 is divided by 1774.
1773
What is the remainder when 1523142 is divided by 413?
411
What is the remainder when 16032 is divided by 16022?
10
Calculate the remainder when 133525 is divided by 11127.
1
What is the remainder when 8384 is divided by 1385?
74
What is the remainder when 11978 is divided by 3963?
89
What is the remainder when 4016 is divided by 3926?
90
Calculate the remainder when 100329 is divided by 18.
15
What is the remainder when 31687 is divided by 68?
67
What is the remainder when 1426 is divided by 264?
106
What is the remainder when 1167 is divided by 132?
111
What is the remainder when 31218 is divided by 10374?
96
What is the remainder when 402034 is divided by 47?
43
What is the remainder when 41264 is divided by 1794?
2
Calculate the remainder when 825 is divided by 64.
57
What is the remainder when 4470 is divided by 3484?
986
Calculate the remainder when 63292 is divided by 211.
203
Calculate the remainder when 2673 is divided by 538.
521
What is the remainder when 7252 is divided by 35?
7
What is the remainder when 1669 is divided by 388?
117
What is the remainder when 7623 is divided by 285?
213
What is the remainder when 658 is divided by 51?
46
What is the remainder when 40238 is divided by 37?
19
Calculate the remainder when 14561 is divided by 74.
57
Calculate the remainder when 3558 is divided by 3316.
242
Calculate the remainder when 214571 is divided by 78.
71
What is the remainder when 2303996 is divided by 1577?
1576
Calculate the remainder when 143232 is divided by 2.
0
Calculate the remainder when 142442 is divided by 17.
16
What is the remainder when 47077 is divided by 7845?
7
Calculate the remainder when 25802 is divided by 13.
10
Calculate the remainder when 92457 is divided by 1595.
1542
What is the remainder when 1279 is divided by 33?
25
Calculate the remainder when 1787 is divided by 16.
11
What is the remainder when 325205 is divided by 108398?
11
What is the remainder when 2200 is divided by 173?
124
Calculate the remainder when 86891 is divided by 86880.
11
Calculate the remainder when 230251 is divided by 121.
109
What is the remainder when 22109 is divided by 7350?
59
What is the remainder when 4577655 is divided by 47?
43
Calculate the remainder when 38940 is divided by 7785.
15
What is the remainder when 208925 is divided by 219?
218
Calculate the remainder when 1170 is divided by 507.
156
What is the remainder when 3